3*r = -6*r + d. Is r a prime number?
True
Suppose 2*q + 92 = 4*t - 2*q, -5*t + 2*q = -103. Suppose -t - 2 = o. Is -2 - (-1*2 + o) composite?
True
Let b = -136 + -116. Let c be ((-9)/2)/((-27)/b). Let z = 63 + c. Is z prime?
False
Let c(j) = 11*j**2 + j - 11. Is c(-4) a composite number?
True
Suppose h + 2 + 3 = 3*z, -2*z + 1 = -3*h. Suppose 5*j = 3*r + z*r + 50, j + 5*r - 22 = 0. Is 1/3 + 164/j a prime number?
False
Let n = -418 - -240. Is n/(-14) + (-2)/(-7) prime?
True
Suppose 2*q + 149 = 3*q. Is q prime?
True
Let m(o) = -5*o**2 - 4*o + 9. Let d(l) = l**2 + l - 1. Let g(y) = -3*d(y) - m(y). Suppose 0 = 4*c + 2*f + 12, 7*c - 2*f = 2*c - 33. Is g(c) prime?
False
Suppose -2*k + 12 = -0*k. Suppose t - k = -t. Suppose -m = t*m - 84. Is m prime?
False
Is (-3 - (-82 + -4))*2 prime?
False
Let v = 3 + -4. Is -1 + v + 119*3 a prime number?
False
Let x(o) = -o**3 - 11*o**2 - 10*o + 4. Let z be x(-10). Suppose 0 = 3*j - 3*q - 99, -5*q - 134 = -0*j - z*j. Suppose 3*f - 4*f = -j. Is f a prime number?
True
Let u be (12/14)/(1/7). Let y(c) be the third derivative of c**4/8 + c**3/6 + 2*c**2. Is y(u) prime?
True
Suppose z + 2*h - 58 = 13, -4*z - 4*h + 300 = 0. Is z composite?
False
Let w(q) = -40*q - 5. Is w(-3) prime?
False
Let m(k) = -3*k + k + 5*k. Let f be m(1). Is 25*f*2/6 prime?
False
Let q(v) = -2*v - 1. Let r(i) = i**2 + i + 1. Let p be r(-1). Let x be (-13 - 1)*p/2. Is q(x) a prime number?
True
Suppose 2*h - 5*t = -2*t + 5, 5*h + 3*t - 23 = 0. Is h/(-6)*(-930)/4 a composite number?
True
Let n(i) = i**3 - 6*i**2 - 2*i + 1. Let x be n(6). Let t = x + 8. Is 96/9 - (-2)/t composite?
True
Let o = -271 + 462. Is o composite?
False
Suppose -p = -3*m - 33, 0*p - 148 = -4*p + 4*m. Is p a prime number?
False
Suppose 3*k = -4*t + 1403 - 299, -3*t - 719 = -2*k. Suppose m - k = -3*m. Is m a composite number?
True
Let t(v) = 6*v - v**3 - 3 + v**2 + 0*v**2 + 3*v**2. Let a be t(5). Is a*(-3)/((-12)/166) a prime number?
True
Suppose 4*x + 1 - 13 = 0. Suppose 2*f - 1004 = 5*i + 92, x*i = 4*f - 666. Let n = 345 + i. Is n composite?
False
Suppose -p = 2*o + 583, -5*o - 3*p = p + 1462. Let w = -163 - o. Is w a prime number?
True
Let g = 1 + 3. Suppose -9*x + g*x + 4*b = 778, 5*b + 606 = -4*x. Is (x/(-4))/(2/4) a composite number?
True
Suppose -7 = 2*l + 3. Let y(i) = -2*i - 6. Let n be y(l). Suppose n*m = 218 + 258. Is m a prime number?
False
Let j(z) = 0*z + 7 - 2*z + 2 + 3. Is j(-5) a composite number?
True
Let m be 2 + (-61 - 2)/(-3). Suppose 0 = 4*l - 2*t - 24, -m = -4*l + 3*t + 3. Let x = l - 2. Is x composite?
False
Let z be (76/5)/(2/5). Let w = z - -17. Is w prime?
False
Let g = 4 + -4. Suppose 4*o = -g*o + 356. Is o a prime number?
True
Suppose -24*b + 27*b - 498 = 0. Is b composite?
True
Suppose z - 3*z - 1 = h, -3*h + 12 = z. Suppose -356 = -4*f + 5*j, 0*j = -h*f - 2*j + 445. Is f a prime number?
True
Let t be (-2 - -21) + (0 - 2). Suppose 5*n - 65 = -4*v + 15, 64 = 4*n - 4*v. Let p = t + n. Is p a prime number?
False
Suppose 0 = 5*y - 2*y - 9. Suppose 3*g = 2*m - 119, y*m - g - 169 = -6*g. Is m prime?
False
Suppose -l = -849 + 180. Suppose -l = -4*x + 251. Suppose -50 = -j + k, 6*j - x = 2*j - 2*k. Is j a prime number?
False
Suppose 0 = 4*q - 5*m - 1809, 3*q = -4*m + 499 + 850. Is q a prime number?
False
Let x = -16 + 382. Let z = 835 - x. Is z composite?
True
Let o = -5 + 19. Is o a composite number?
True
Let h(l) = -95*l + 9. Let n be h(17). Let o = n - -2261. Is o prime?
False
Let m = 23 - 21. Suppose m*t - 23 = n + 86, 0 = -4*t - 2*n + 238. Is t prime?
False
Let y(v) = -6*v - 1. Let l be y(-1). Suppose -12 = -4*h, -l*n = -2*n + h - 480. Is n composite?
True
Let h(x) = 2*x**2 - 6*x - 2. Let w be h(10). Suppose -23 = -u + w. Is u a composite number?
True
Let b(k) = k**2 + k. Let z(c) = c - 4. Let u be z(5). Let y(g) = 7*g**2 + 6*g - 2. Let s(n) = u*y(n) - 4*b(n). Is s(-3) a prime number?
True
Let d = -70 - -119. Is d a composite number?
True
Suppose 0 = 3*t + 4*n + 4, 0 = -t - 5*n - 6 - 10. Is 508/12*(-1 + t) a prime number?
True
Let k(a) = a**3 + 12*a**2 - 4*a - 6. Let o(u) = -u**3 - 2*u**2 + 3*u. Let s be o(2). Let d be k(s). Suppose 766 = 4*f + d. Is f a prime number?
False
Suppose -57 = -g + 29. Is g prime?
False
Suppose 0 = 3*y, -2*i + i + 2*y = -319. Is i a prime number?
False
Is (-178)/(-4) - 3/(-2) a composite number?
True
Suppose 8*j - 1141 = j. Is j a prime number?
True
Suppose 3*j - 3 = 0, 0 = 2*w - w + j - 5. Suppose w*f = 4*n + n - 1049, -2*f + 1073 = 5*n. Let h = -100 + n. Is h prime?
True
Suppose -2*u = 2*u - 5*i - 677, 2*u + 2*i = 316. Is u a composite number?
False
Let t(x) = -9*x**3 - x - 1. Let b be (-6)/21 - (-16)/7. Suppose 6 = -b*a - 4*f, 4*a + 4 = -4*f - 4. Is t(a) prime?
False
Let x be -2 + 1 - (2 + -1). Let h = x - -3. Is -13*5/(-1)*h a prime number?
False
Is (-2)/3 - (-28543)/69 a composite number?
True
Let b = -18 - -20. Suppose 0 = d - b*d - 1, -891 = -2*f - 3*d. Is f a composite number?
True
Let y(h) = -3*h. Let j be y(-2). Let d be (-5)/((-10)/j) + -37. Let f = 87 + d. Is f prime?
True
Let q(b) = -b**3 + 7*b**2 - 2*b - 8. Let k be q(6). Suppose 0 = -11*v + k*v - 745. Is v a composite number?
False
Let q = 55 - 36. Let h = -23 + 56. Let g = h - q. Is g a composite number?
True
Suppose 3*k - 953 = 2*k. Is k a prime number?
True
Let z = 282 + -198. Let b = 247 - z. Is b composite?
False
Suppose -5*u + 26 = -j, 0*j = -3*u + j + 14. Let w(x) = x - 4. Let o be w(u). Suppose -4*r = o*d - 380, r = -d + 3*d + 105. Is r prime?
True
Let l be ((-477)/12)/((-2)/32). Suppose 2*p = -4*f + l, 0 = f + 4*f + 5*p - 805. Is f a composite number?
False
Let f = -17 - -35. Suppose -2*c + 23 = 5*t - f, -4*t = 3*c - 44. Is 4/(c/38) + 3 prime?
False
Let g(v) = -v**2 - 14*v - 6. Let r be g(-12). Suppose -2*t + r = t. Is t prime?
False
Let h(j) = -j**2 - 2*j. Let m be h(-2). Suppose m = -7*u + 4*u - 111. Is (0 + 6)/(-3) - u prime?
False
Let b(i) = -6*i + 6. Let p = 5 - -2. Let u be b(p). Let n = -17 - u. Is n a prime number?
True
Suppose 2*p + 0*p + 4 = 0. Is (p + (-4)/8)*-10 prime?
False
Let r(t) = 12*t - 1. Suppose 4*s + 3*f - 1 = 0, 0 = 3*s - 5*s + 3*f + 5. Let b be r(s). Let y = 46 - b. Is y a composite number?
True
Suppose 5*x + 528 = 5*y - 592, -5*y + 1113 = 2*x. Is y a composite number?
False
Suppose o + 4*s = 3*o + 8, 0 = 3*o - s - 3. Is 1*o*-1 + 35 a composite number?
True
Let k(l) be the third derivative of 37*l**5/10 + l**3/6 - 3*l**2. Is k(-1) composite?
False
Suppose 3*c = c. Let h(s) = -9*s**3 + s**2 + s - 5. Let g be h(-4). Suppose c = -2*n + 6 + 2, -5*x + 3*n + g = 0. Is x a composite number?
True
Suppose -6*f = -4*f + d - 19583, -4*d = -3*f + 29369. Is f composite?
False
Let x(l) = -l**3 + 8*l**2 + 9*l - 3. Let s(r) = -r**2 + 11*r - 10. Suppose 4*p + 18 = 6*p. Let i be s(p). Is x(i) prime?
False
Suppose -8 = 2*l - l - 3*t, -t = -2*l - 1. Suppose -19 = 3*h - 5*o, h - 3*h + o - l = 0. Suppose -10 = -h*x + 12. Is x a composite number?
False
Let h(i) = -2 - i**3 - i**2 - 8*i + 1 + i**2 + 8*i**2. Is h(6) prime?
True
Let d(q) = q - 7. Let k(o) = -4*o. Let h be k(2). Let m = h - -18. Is d(m) a composite number?
False
Let u be 4/2 - (-34 - -2). Let d(k) = u + 14 - 11 + k. Is d(0) composite?
False
Let g = -82 - -224. Let o = 236 - g. Is o prime?
False
Is 168/2 - 1/1 a composite number?
False
Let h(t) = -3*t + 4. Let s(m) = 4*m**2 + m + 2. Let f be s(-3). Suppose f = -4*g - g. Is h(g) a composite number?
True
Let r = -7 + 12. Suppose -v = -r*v - 5*s + 2702, 0 = -3*v + 5*s + 2009. Is v a prime number?
True
Suppose 5*f = i - 5*i - 120, -5*f - 105 = i. Let d = -11 - f. Let w(y) = 13*y + 2. Is w(d) a prime number?
False
Suppose i - 3 = 0, -3*g - 1 + 22 = 3*i. Is (-15)/(-6) + 2/g a prime number?
True
Let i be ((-12)/8)/((-3)/4). Suppose -3*t = -2*t - i. Is 22/2 + 0 + t prime?
True
Is (-1005)/(-7) - 16/28 a prime number?
False
Suppose 5*d - 253 = -w, 305 + 145 = 2*w - 4*d. Let p = w - 122. Is p composite?
True
Suppose 0*j = 2*j. Suppose 2*m + 4*d - 4 = -2*m, 3*d + 3 = j. Suppose -m*g - 48 = -5*g + 5*l, -2*g + 57 = 5*l. Is g a prime number?
False
Suppose 2*r - 7 - 1 = 0. Is 0 + 161 - 0/r prime?
False
Suppose 5*f + 21 = 1. Let o be (195/(-2))/(2/f). Suppose -4*x + x = -o. Is x a composite number?
True
Let x = -336 + 833. Is x composite?
True
Suppose 